 i**2 + 6. Let w be c(0). Suppose 0 = m + 2*m - w. Suppose m*s + 2*s - 204 = 0. Is s prime?
False
Let l(v) = -2*v**3 - 35*v**2 - 5 - 5*v - 28*v**2 + 62*v**2. Is l(-4) prime?
True
Let w(v) = 3*v**3 - 4*v**2 + 3*v - 3. Let s(o) = o**3 + 8*o**2 - o - 5. Let l be s(-8). Suppose -3*z = 3*p - 9, -z - z - 9 = -l*p. Is w(p) composite?
True
Suppose t + 7*n - 73 = 4*n, -t + n + 65 = 0. Is t a prime number?
True
Let f = 12 + -8. Suppose 0 = -0*c + f*c - 4*p - 224, -2*c + 121 = -5*p. Is c composite?
False
Is 8/(-52) - (-111)/78*206 composite?
False
Suppose -6*c = -c - 2135. Is c prime?
False
Suppose -6*s = -9*s + 6. Suppose -s*j + 138 = -130. Is j a prime number?
False
Let q be (-6)/(-18) - (-1)/(-3). Suppose -p + 5*o + 70 = -208, q = -5*p + 2*o + 1459. Is p a composite number?
False
Let t = 4270 + -2703. Is t a composite number?
False
Let h(l) = -l**3 - 1 + 4*l**2 - l + 1. Let k be h(3). Let u(n) = n**2 - 3*n + 7. Is u(k) a composite number?
True
Let t(m) = m**3 + 2*m**2 - 9*m + 1. Let i be t(6). Suppose 2*f + 0*f = -b + i, -5 = -b. Is f a prime number?
False
Let c(s) = -356*s - 1. Let o(d) = d**3 + 4*d**2 + 2*d - 4. Let v be o(-3). Is c(v) a composite number?
True
Let x be (-4 - 8)/(2/25). Let b = x + 70. Let g = -49 - b. Is g prime?
True
Let r(b) = 327*b - 1. Let g be r(-1). Let u = g + 116. Is ((-3)/(-6))/((-2)/u) composite?
False
Suppose -3*l + 27 = -330. Is l a composite number?
True
Suppose -y - 62 = 5*z - 0*z, -4*z - 106 = 2*y. Is -5 + 4 + (1 - y) a composite number?
False
Let m = 47 - -272. Is m composite?
True
Suppose -2*p = -8, 2*b - 4*b + 4*p = 6. Is (-172)/(-2) - (8 - b) a prime number?
True
Let c(q) = -q - 1. Let o(g) = -g**2 + 6. Let f(z) = 3*c(z) - o(z). Is f(7) a prime number?
True
Let n(z) = 1. Let j(o) = -17*o - 1. Let v(u) = -j(u) - 2*n(u). Is v(2) a prime number?
False
Let f = -21 - -274. Is f prime?
False
Suppose -5*q - 3 = -8. Is 1/((q - 0)/161) composite?
True
Suppose -t + 2*c + 30 = -51, 3*t + 3*c = 234. Is t prime?
True
Suppose 12 = 4*s - 0. Suppose 0 = -s*a + 78 + 3. Let y = -13 + a. Is y composite?
True
Let b(u) = 5*u**2 + 1 + 4 + 11*u - 2*u**2 - 18. Is b(-9) prime?
True
Let z be (1 - 30)/((-4)/(-12)). Let v = 124 + z. Is v composite?
False
Let s(k) = -k**3 + 8*k**2 + 2*k + 5. Suppose -11 - 8 = -v. Suppose -5*l = -v - 11. Is s(l) a composite number?
False
Let x = 5 - 1. Suppose -x*f = 3*c - 159, 0 = -4*f + 5*c + 31 + 152. Suppose 2*j - 2*o + f = 7*j, -2*j = -3*o - 32. Is j a composite number?
True
Suppose 4*p = 2*j - j + 172, -4*p = j - 164. Let d = p - 11. Let b = d + -10. Is b composite?
True
Let v(j) = 168*j**2 + 1. Is v(2) a prime number?
True
Let i(p) = p - 2. Let s be i(5). Suppose 2*w + s*w = 10. Suppose w*f - 2*g = 22, 4*g + 59 = 4*f + 5*g. Is f a composite number?
True
Let z = -8 - -12. Let m = -30 - -34. Suppose -m*x + 2*p + 328 = 4*p, z*p + 8 = 0. Is x prime?
True
Suppose -3*r - 2*m - 4 = -23, 4*r - 2*m = 2. Is (33/2)/r*2 prime?
True
Let t be -2 + 1 + 1 - -2. Suppose 0 = 3*a - t - 13. Suppose -a*w + 67 + 198 = 0. Is w a composite number?
False
Suppose -7*u = -11*u + 2524. Is u composite?
False
Is 41/(2*(-2)/(-20)) composite?
True
Let k = -5 - -2. Let j = k - -166. Is j composite?
False
Let i be (2 - 5)/3*0. Suppose -6 = -i*z - z. Is 555/7 - z/21 a prime number?
True
Let s(d) be the third derivative of 0 + 17/24*d**4 + 0*d - 1/2*d**3 + 3*d**2. Is s(2) a prime number?
True
Let j = -2 - -4. Suppose j*d + 249 = 5*d. Is d a prime number?
True
Suppose 3*v = -0*v + 6. Suppose -v*c = -4*c + 382. Is c prime?
True
Suppose 3*h + 3*i = 4509, -4*h + 6008 = -0*h + 5*i. Is h a prime number?
False
Suppose 0*q = 3*q - 12. Suppose -q*t + 5*t - 5 = 0. Suppose s = w - 0*w + 200, -s - t*w = -218. Is s composite?
True
Suppose -3*d + 12054 = 5*a + 2581, -2*a + 3802 = -2*d. Is a a composite number?
True
Let k be ((-228)/8)/((-6)/8). Suppose r + k = 3*r. Is r a prime number?
True
Let k = 19 + -16. Is k/(-4) - 14245/(-44) prime?
False
Suppose -4*h + 4 - 8 = 0. Is 31 - (h - -1 - 0) composite?
False
Suppose 2*y - y - 2*h = 58, -4*y = -5*h - 226. Let o = -15 + y. Is o a prime number?
False
Let u(a) = a + 12. Is u(-5) a prime number?
True
Suppose 316 = -3*j + 2*o, -j - 106 = -0*o - o. Let b = 397 + j. Is b composite?
False
Let g(d) = 2*d**2 + d - 6. Let j be g(-6). Suppose 6 = 2*m + 3*n - j, -5*n = m - 19. Is m prime?
False
Suppose 0 = 6*v - 5485 - 24977. Is v a composite number?
False
Suppose -4*v + 860 = 2*f, -2*f - 559 = -5*v + 534. Is v a prime number?
False
Let y(f) = -10*f**3 + 2*f**2 - f - 1. Is y(-2) a composite number?
False
Let p = -1220 - -2413. Is p a prime number?
True
Let x be 10/(2 - 2/2). Suppose 6*f - x = f. Suppose -2*a + 198 = f*j, -741 = -5*j + 4*a - 264. Is j prime?
True
Let i(l) = 46*l + 13. Let p(t) = 7 + 26*t - 4*t - 2*t + 3*t. Let f(d) = -4*i(d) + 7*p(d). Is f(-4) a composite number?
False
Let o(w) = 55*w**2 + 5*w + 9. Is o(-4) prime?
False
Suppose 2*h - 2 = 2. Let i = -6 + h. Is (-29)/i + (-2)/8 composite?
False
Let u = 1697 - -42. Is u a composite number?
True
Is (-7)/14 + 30165/6 prime?
False
Let o = 1151 + -702. Is o prime?
True
Suppose -20 = -4*m + 392. Is m prime?
True
Let s = 0 - -2. Suppose s*y = -2*t + 176 + 4, 0 = -4*t - 2*y + 362. Is t a composite number?
True
Suppose 0 = 3*t - 484 - 647. Is t a prime number?
False
Let x = -50 + 81. Is x composite?
False
Suppose -4*a - 4*v + 888 = -5*v, -4*a - v = -896. Is a composite?
False
Is 1 - (-4388)/(-2 + 4) a prime number?
False
Suppose -3*n - 4*l = 2, -l - 14 = -4*n + 2*l. Suppose 0 = -2*d, n*f + 5*d - 100 = 2*d. Suppose -k - k = -f. Is k a composite number?
True
Let b = 15 + -11. Is (b - -882)*(-1)/(-2) a prime number?
True
Suppose -2013 = -5*p + k + 482, -4*k + 499 = p. Is p prime?
True
Let c(b) = -2*b**3 - 12*b**2 - 6*b + 1. Let f be c(-8). Let d = f + -120. Suppose -7*u = -2*u - d. Is u a composite number?
False
Let x(i) = -i**2 - 54*i - 4. Is x(-23) a prime number?
True
Let u = 0 + 4. Is (1 - -1)*6/u composite?
False
Suppose 5*p + 20 = -0. Let l be (0 + p)*4/(-8). Suppose l*h = c - 75, -c = c + 4*h - 190. Is c prime?
False
Let q be (-2)/4*(1 - 175). Suppose 3*x - 18 - q = 0. Suppose -x = -5*j + 300. Is j prime?
True
Suppose 2*w - 7*w = -1255. Is w a prime number?
True
Suppose -3*b + 240 = 2*b. Suppose -3*w + b = -18. Is w a composite number?
True
Is (4/16)/((-3)/(-5316)) prime?
True
Let n(k) = -3*k + 0*k - 2*k + 1. Is n(-6) a composite number?
False
Suppose -4*i + 68 = 2*x - 58, -2*i - 3*x + 53 = 0. Suppose 4*g + 0*f + f + 139 = 0, 0 = g + f + i. Let v = -20 - g. Is v composite?
True
Let g(z) = 2*z**2 - 12*z + 39. Let j(b) = -b**2 + 6*b - 20. Let t(c) = 3*g(c) + 5*j(c). Is t(12) composite?
False
Let z(x) = x**3 + x + 119. Let w(a) = a**2 + 3*a + 2. Let u be w(-2). Is z(u) composite?
True
Let s(t) = -10*t + 5. Suppose -4*z + 26 = 4*k + 2, -4*k + 29 = 5*z. Suppose -z*d + 5 - 45 = 0. Is s(d) composite?
True
Let g(z) = -z**3 + 3*z**2 - z - 2. Suppose 0 = -3*t + 4 - 1. Let q(a) = -3*a**3 - a + 1. Let h be q(t). Is g(h) a composite number?
True
Let l(a) = 10*a**3 + a**2 + a + 1. Let t(p) = -p**3 + p**2. Let d(j) = -l(j) + 2*t(j). Is d(-1) composite?
False
Let r be (-16)/12*3/(-2). Suppose -4*a - r*b - b = -326, 5*a = -b + 413. Is a composite?
False
Let h = 3 - -188. Is h composite?
False
Let k(j) = j**2 - 2. Let g be -3 + 1 - (-9)/1. Is k(g) composite?
False
Let d be (0 - (1 + -2))*11. Let h(g) = g - 4*g + 1 - d*g. Is h(-1) a prime number?
False
Let v(q) be the third derivative of -29*q**4/24 + q**3/6 - 2*q**2. Is v(-2) prime?
True
Let u be 3/((-5)/(75/(-9))). Suppose 2*h + 2*h - f = 97, 130 = u*h - 3*f. Is h prime?
True
Suppose 0 = -0*w + 5*w - 60. Is (418/(-8))/((-3)/w) a prime number?
False
Let k be (4/10)/((-4)/(-3260)). Suppose k + 109 = 3*p. Is p a prime number?
False
Is (((-2)/3)/(-2))/((-13)/(-6981)) composite?
False
Let v(c) = 6*c**2 - 4*c + 1. Is v(-10) composite?
False
Suppose 0 = -5*n + 3*p - 16, 2*p - 2 = -2*n - p. Let t be n/(-2*(-1)/(-45)). Let z = t + 10. Is z prime?
False
Suppose 4*c + 452 = 92. Let u = c + 223. Is u a composite number?
True
Suppose 0 = d - 4 - 0. Suppose 0 = q - d*q - g - 46, -84 = 5*q - 2*g. Let r = 3 - q. Is r a composite number?
False
Suppose -2*s = -0*s - 14. Suppose -p = -6 - s. Is p prime?
True
Let k = -212 - -355. Is k comp